 are the prime factors of 6686887025?
5, 7, 13, 2939291
What are the prime factors of 427031312?
2, 73, 163, 2243
What are the prime factors of 456000793?
31, 59, 249317
List the prime factors of 80405976.
2, 3, 7, 23, 20809
What are the prime factors of 1587608795?
5, 643, 493813
List the prime factors of 1035845577.
3, 13, 29, 3769
What are the prime factors of 60827113?
19, 3201427
What are the prime factors of 3451079848?
2, 9829, 43889
What are the prime factors of 6190261004?
2, 29, 4549, 11731
List the prime factors of 2100370437.
3, 11, 113, 187751
List the prime factors of 575702618.
2, 8693, 33113
What are the prime factors of 87215007?
3, 11, 2642879
What are the prime factors of 124761518?
2, 7, 59, 131, 1153
List the prime factors of 68466305.
5, 2711, 5051
What are the prime factors of 389635073?
101, 3857773
List the prime factors of 943071405.
3, 5, 62871427
What are the prime factors of 4390960306?
2, 19, 115551587
What are the prime factors of 129078877?
151, 241, 3547
What are the prime factors of 276937618?
2, 23, 73, 82471
List the prime factors of 4706377942.
2, 7, 336169853
List the prime factors of 56907543.
3, 7, 11, 23, 10711
List the prime factors of 154580893.
61, 941, 2693
What are the prime factors of 282965384?
2, 13, 2720821
List the prime factors of 3307037065.
5, 31, 3089, 6907
List the prime factors of 178238700.
2, 3, 5, 198043
What are the prime factors of 183286896?
2, 3, 13, 293729
What are the prime factors of 1712621926?
2, 856310963
List the prime factors of 104025505.
5, 20805101
What are the prime factors of 331319740?
2, 5, 16565987
List the prime factors of 52874805.
3, 5, 991, 3557
What are the prime factors of 38403761?
11, 31, 112621
What are the prime factors of 90713572?
2, 47, 482519
What are the prime factors of 65593438?
2, 433, 75743
List the prime factors of 997900452.
2, 3, 1439, 6421
What are the prime factors of 1033326526?
2, 41, 12601543
List the prime factors of 69950566.
2, 7, 53, 94273
List the prime factors of 5218358.
2, 71, 36749
What are the prime factors of 321027587?
321027587
What are the prime factors of 131502228?
2, 3, 11, 13, 197, 389
What are the prime factors of 639524749?
73, 8760613
List the prime factors of 91970516.
2, 11, 2090239
List the prime factors of 2605380857.
21013, 123989
What are the prime factors of 2750382268?
2, 687595567
List the prime factors of 95736109.
7, 13676587
List the prime factors of 7724698177.
7, 1103528311
What are the prime factors of 690708526?
2, 37, 1487, 6277
List the prime factors of 46019735.
5, 9203947
List the prime factors of 3199184031.
3, 1091, 977447
What are the prime factors of 17655316?
2, 7, 17, 29, 1279
List the prime factors of 76319243.
7, 11, 13, 76243
What are the prime factors of 35483123?
13, 449, 6079
List the prime factors of 809003026.
2, 13, 1933, 16097
What are the prime factors of 276323816?
2, 389, 88793
What are the prime factors of 1490221176?
2, 3, 37, 83, 20219
List the prime factors of 29802171.
3, 7, 101, 14051
List the prime factors of 229851584.
2, 211, 17021
List the prime factors of 57663015.
3, 5, 41, 93761
What are the prime factors of 41222212?
2, 17, 347, 1747
What are the prime factors of 68462399?
383, 178753
List the prime factors of 61186504.
2, 7648313
What are the prime factors of 4601191277?
37, 124356521
List the prime factors of 263750207.
7, 53, 710917
What are the prime factors of 8992432?
2, 73, 7699
List the prime factors of 20050776.
2, 3, 19, 14657
What are the prime factors of 43789850?
2, 5, 13, 67369
What are the prime factors of 3857409465?
3, 5, 7, 13, 23, 122867
List the prime factors of 137767718.
2, 11, 6262169
What are the prime factors of 274603110?
2, 3, 5, 59, 167, 929
List the prime factors of 233170996.
2, 827, 70487
List the prime factors of 8858479.
7, 17, 74441
What are the prime factors of 225448035?
3, 5, 2423, 6203
What are the prime factors of 437037355?
5, 6719, 13009
List the prime factors of 1067966276.
2, 13, 20537813
What are the prime factors of 5436867412?
2, 53, 25645601
List the prime factors of 68373852.
2, 3, 71, 80251
List the prime factors of 16293514.
2, 17, 479221
What are the prime factors of 6275861685?
3, 5, 97, 353, 4073
What are the prime factors of 482560873?
482560873
List the prime factors of 5498320.
2, 5, 68729
What are the prime factors of 334159392?
2, 3, 7, 497261
What are the prime factors of 2848218718?
2, 9437, 150907
What are the prime factors of 29362623?
3, 179, 54679
List the prime factors of 551448337.
11, 50131667
List the prime factors of 22480704.
2, 3, 31, 1259
List the prime factors of 480351624.
2, 3, 43, 103, 4519
What are the prime factors of 589852059?
3, 853, 230501
What are the prime factors of 13791220?
2, 5, 689561
List the prime factors of 18859996.
2, 4714999
What are the prime factors of 342502529?
342502529
List the prime factors of 18099819.
3, 41, 181, 271
What are the prime factors of 2946478343?
53, 55593931
What are the prime factors of 188478884?
2, 11, 31, 138181
What are the prime factors of 43377943?
7, 6196849
What are the prime factors of 48659879?
5869, 8291
What are the prime factors of 906000639?
3, 302000213
What are the prime factors of 2970569019?
3, 11, 90017243
List the prime factors of 44740196.
2, 11185049
What are the prime factors of 984364243?
17, 37, 547, 2861
List the prime factors of 24106732.
2, 13, 53, 8747
List the prime factors of 276040439.
276040439
What are the prime factors of 445548125?
5, 11, 229, 283
What are the prime factors of 100484966?
2, 47, 1068989
What are the prime factors of 131681213?
6899, 19087
List the prime factors of 47380405.
5, 167, 179, 317
What are the prime factors of 23441198?
2, 11, 17, 233, 269
What are the prime factors of 1347761755?
5, 61, 1063, 4157
List the prime factors of 72212671.
31, 1087, 2143
What are the prime factors of 38163696?
2, 3, 795077
What are the prime factors of 3453056664?
2, 3, 143877361
What are the prime factors of 300634131?
3, 7, 19, 269, 2801
List the prime factors of 10206886.
2, 61, 83663
List the prime factors of 464744564.
2, 401, 289741
List the prime factors of 84320386.
2, 773, 54541
List the prime factors of 161477758.
2, 13, 653, 9511
What are the prime factors of 158679118?
2, 13, 877, 6959
What are the prime factors of 377187031?
13, 19, 619, 2467
List the prime factors of 8371927573.
19, 23, 4357, 4397
List the prime factors of 3031963.
11, 19, 89, 163
What are the prime factors of 280526998?
2, 23, 31, 127, 1549
List the prime factors of 1946026964.
2, 7, 23, 83, 743
List the prime factors of 326721329.
11, 29701939
What are the prime factors of 1345933776?
2, 3, 11, 389, 6553
List the prime factors of 86952644.
2, 31, 89, 7879
What are the prime factors of 54854111?
13, 43, 98129
List the prime factors of 50184530.
2, 5, 11, 456223
What are the prime factors of 515138143?
13, 67, 211, 2803
List the prime factors of 32672761.
11, 19, 156329
What are the prime factors of 142676165?
5, 67, 425899
What are the prime factors of 11825040?
2, 3, 5, 29, 1699
List the prime factors of 167475402.
2, 3, 619, 15031
List the prime factors of 279676635.
3, 5, 7, 653, 4079
What are the prime factors of 177508480?
2, 5, 23, 31, 389
What are the prime factors of 54470774?
2, 71, 179, 2143
List the prime factors of 129803413.
53, 109, 22469
What are the prime factors of 3044675988?
2, 3, 5419, 15607
List the prime factors of 249204222.
2, 3, 67, 68879
What are the prime factors of 1238001106?
2, 97, 113, 56473
List the prime factors of 3832352964.
2, 3, 11, 113, 85643
What are the prime factors of 2057767202?
2, 9463, 108727
List the prime factors of 28839968.
2, 901249
What are the prime factors of 1935317455?
5, 387063491
List the prime factors of 146846527.
17, 227, 38053
What are the prime factors of 2171565809?
7, 199, 1558913
What are the prime factors of 4906489986?
2, 3, 17, 811, 1163
What are the prime factors of 18027517?
83, 217199
List the prime factors of 29563420.
2, 5, 317, 4663
What are the prime factors of 3999114771?
3, 37, 103, 349787
What are the prime factors of 2987870617?
251, 11903867
What are the prime factors of 862172640?
2, 3, 5, 7, 4073
List the prime factors of 35579414.
2, 13, 136843